es 62 divide k?
True
Let w = 197 - -251. Is w a multiple of 56?
True
Let w(c) = -2*c - 2*c + 6*c**2 - 6 - 5*c**2 - 2*c. Let s be w(8). Suppose 0 = -u + 3*g + s, 4*g = u - 3*u + 70. Is u a multiple of 25?
True
Let b = -12 - -11. Let d = 2 - b. Suppose -h - 3*g + 31 = 0, -86 = -d*h + 5*g + 7. Does 16 divide h?
False
Is ((-6)/14 + -1)/(183/(-16653)) a multiple of 10?
True
Let n(d) = -8*d - 36. Is 12 a factor of n(-14)?
False
Let u(v) be the second derivative of v**4/6 + 7*v**3/3 - 17*v**2/2 + 3*v. Let j(p) = -p**2 - p + 1. Let c(z) = -j(z) - u(z). Is 11 a factor of c(-7)?
False
Suppose r - 783 = -5*o, 9*o + 3174 = 4*r + 8*o. Does 15 divide r?
False
Let o(n) = -n**2 + 9*n - 8. Let p be o(6). Let x(k) = 6*k - 15. Let r be x(p). Is (4/6)/(6/r) even?
False
Let w = 167 + -140. Is w a multiple of 23?
False
Is (64/(-20) - -2)*-500 a multiple of 30?
True
Suppose -56 = f - 8*f. Suppose -9*u + 24 = -f*u. Is 13 a factor of u?
False
Suppose -84 = -35*z + 34*z. Does 21 divide z?
True
Suppose 3*t - t = -22. Let r = t - -17. Let n(z) = 4*z + 4. Is n(r) a multiple of 12?
False
Suppose 0 = -5*h + g - 3*g + 193, 0 = -h + 2*g + 41. Let t = -20 + h. Suppose 5*c = 2*d + t, 7 + 2 = c - 3*d. Does 3 divide c?
True
Suppose 4*v + g = 32, 2*g = -2*v - 2*g + 30. Suppose -v*d - 6 + 118 = 0. Is 4 a factor of d?
True
Suppose -4*j - 3*l + 7567 = 0, 0 = -2*j + 3*l + 3137 + 660. Is j a multiple of 33?
False
Let a(q) = 155*q**2 + 5*q. Does 38 divide a(-2)?
False
Suppose 2*l + 3 = -3*m, 5*m = -18 + 3. Suppose -c - 203 = -2*s + 2*c, l*s - 262 = -4*c. Is s a multiple of 20?
False
Let y = -6 + 9. Suppose -5*q + y = -2*q. Let d(j) = 41*j**2 - 2*j + 1. Is d(q) a multiple of 17?
False
Suppose -d = 7*d - 1632. Is 16 a factor of d?
False
Suppose 25 = 2*w - 11. Is 159/w - (-2)/12 a multiple of 2?
False
Suppose -11*v = -3*v - 528. Let z = -27 + v. Is 9 a factor of z?
False
Suppose -4*m + 863 = 3*x, 4*m - x = 347 + 528. Is 19 a factor of m?
False
Let j(m) = m**3 - 11*m**2 + 6*m + 5. Let h be j(10). Is (-741)/(-5) - (-7)/h a multiple of 9?
False
Let d be 56 - (1 + (2 - -1)). Is 6877/d + (6/(-8))/3 a multiple of 22?
True
Let m(w) = -w**3 + 5*w**2 + 7*w - 6. Let f be m(6). Let g(n) be the second derivative of -n**3/6 + 21*n**2 + n - 25. Is g(f) a multiple of 14?
True
Let o(s) = -6*s**3 + 1. Let x be o(-1). Let j = 9 - x. Suppose 0 = -2*z - y + 49 + 129, y + j = 0. Is 12 a factor of z?
False
Let c(t) = 270*t**2 - 6*t + 4. Does 8 divide c(2)?
True
Let d = -14 + 11. Let n be 57 + 2 - 0 - d. Suppose 2*v - 2 - n = 5*w, 160 = 5*v + 3*w. Does 16 divide v?
True
Let n(g) = -13*g**2 - 2*g + 22. Let s(h) = 13*h**2 + 2*h - 21. Let i(o) = -3*n(o) - 2*s(o). Does 11 divide i(4)?
False
Let h(p) be the second derivative of p**4/4 - 4*p**3/3 + p**2 + 17*p. Does 15 divide h(-4)?
False
Let p(z) = 19*z**2 - 13*z + 7. Let m be p(3). Suppose 2*k - 59 = m. Is 16 a factor of k?
False
Let w(k) = 90*k**2. Let f be w(1). Suppose 4*b - 200 - 139 = -s, -b = 2*s - f. Does 16 divide b?
False
Let l(q) = -4*q**3 - 3*q**2 + 28*q + 78. Is 16 a factor of l(-5)?
False
Let a(v) = -v**2 + 8*v - 8. Let b be a(6). Suppose -3*y + 7*y - 409 = -n, 0 = b*y - 5*n - 379. Is y a multiple of 20?
False
Suppose 10 = -5*l + 15, 2209 = 5*k - l. Is 13 a factor of k?
True
Let s(r) = -r + 1. Let h be s(7). Let k be (-10)/(-8)*24/h. Is 174/4 + k/(-10) a multiple of 22?
True
Is 25 a factor of (-8)/10 + (-629)/(-5)?
True
Let s(j) = -28*j**3 - 2*j**2 + 2*j + 1. Let a = 32 - 34. Is s(a) a multiple of 22?
False
Suppose -2*p = 5*f - 1776, p - f - 1378 = -497. Does 60 divide p?
False
Suppose -326 = 5*s - 5*c - 1021, 4 = -4*c. Suppose s = i - 2*l, 5*l + 414 = i + 2*i. Is 23 a factor of i?
True
Suppose 31*t - 4256 = 29*t. Is t a multiple of 56?
True
Let c = 4 + -2. Let j(o) = 1 + c*o + 8*o + 8*o. Is 9 a factor of j(2)?
False
Suppose -120 = 4*x - o - 470, -5*x = 2*o - 444. Does 11 divide x?
True
Suppose 9*p = -0*p - 18. Is p/(-14) + 6420/42 a multiple of 28?
False
Let f = 8 + 24. Does 12 divide 9*(-1)/((-4)/f)?
True
Let m(d) be the third derivative of 7*d**4/24 - 19*d**3/3 - 33*d**2. Is m(26) a multiple of 18?
True
Suppose -5*b + 903 + 892 = 0. Is b a multiple of 8?
False
Let l = 35 + -14. Is 4 a factor of l?
False
Suppose -5 = 5*s, 0 = 4*q - 3*s + 2 + 3. Let v = -11 - q. Let i = v + 16. Does 3 divide i?
False
Suppose 262 + 77 = -3*y. Let m = y + 163. Is 15 a factor of m?
False
Let q = 48 - -294. Suppose -q = -3*l - h, l + 34 = -3*h + 148. Suppose -2*c + l = -52. Is 18 a factor of c?
False
Let k(q) be the third derivative of -13*q**4/24 - 5*q**3/2 + 10*q**2. Does 12 divide k(-4)?
False
Suppose 15 = -3*s, 4*q + 41 + 45 = 2*s. Let i = 55 + q. Suppose -2*v = -5*v + 2*d + 25, -5*d = -4*v + i. Is 3 a factor of v?
True
Let y = 55 + -52. Suppose 5*h - y*h - 8 = -l, 3*h - 3*l - 30 = 0. Does 3 divide h?
True
Let k = -842 + 1097. Is k a multiple of 3?
True
Suppose 11*c - 202 = -5*m + 9*c, 4*m + 3*c = 163. Is m a multiple of 4?
True
Suppose -5 + 15 = 5*l. Let w(j) = 11*j**3 - 4*j**2 + 3*j - 2. Is w(l) a multiple of 17?
False
Suppose -6 = 3*y, y = -4*m + 3*y + 52. Suppose -m*v + 435 = -9*v. Suppose 2*f - v = 5*w, 2*f + f - 234 = 2*w. Is f a multiple of 10?
True
Suppose 2*t = 3*u - 2 + 8, 0 = 2*u + 4. Suppose -5*d + 3*g = -15, 0*g - 3*g = t. Is d a multiple of 3?
True
Let t = -124 + 344. Does 13 divide t?
False
Let m(p) = -p**3 - 12*p**2 + 48*p + 8. Does 33 divide m(-16)?
True
Let u be 2 + -1 + 2 + -62. Suppose 3*g + g + 124 = 0. Let r = g - u. Does 21 divide r?
False
Let u(s) = -4*s**3 + 5*s**2 + 6*s - 2. Let k be u(-5). Suppose 0 = -5*t - w + 971, -t - 2*t = -2*w - k. Does 39 divide t?
True
Suppose -5*c + 0*c = -1990. Suppose -860 = -5*v + k, 3*v - 118 = -3*k + c. Does 16 divide v?
False
Let x = -817 + 496. Let f(o) = -o**3 - o**2 - 1. Let h be f(-2). Is 27 a factor of h/12 + x/(-12)?
True
Let c = -56 + 56. Suppose c = 5*w - 11*w + 1260. Does 21 divide w?
True
Let n(g) = 2*g**2 - 19*g + 8. Does 12 divide n(13)?
False
Let g = 2847 + -1186. Is g a multiple of 14?
False
Let i = 2823 - 2088. Is 58 a factor of i?
False
Suppose 3*p = -5*n - 3, -n + 1 = -2*p - 4*n. Suppose 5*g = -p*j + 413, -5*g + g - j = -326. Does 8 divide g?
False
Suppose -6*s - 128 = -2*r - 2*s, -192 = -3*r - 3*s. Suppose 126 - 160 = -17*j. Suppose 10 = -j*x + r. Is x a multiple of 10?
False
Let d be 2/3 + 4/(-6). Let x be (d - 9)/((-3)/9). Let p = -15 + x. Does 4 divide p?
True
Suppose -3698 = -a - 1438. Is a a multiple of 10?
True
Suppose 5*y - 380 = -2*s, 4*y + 147 = s - 17. Is s a multiple of 10?
True
Suppose -5*g + 1021 = -1394. Suppose -4*j + h + 645 = 0, 3*j - 2*h + h = g. Is j a multiple of 27?
True
Is 29 a factor of 5/(60/5924) + (-2)/3?
True
Suppose 2*l - 24 = -f, 2*f - 109 = -3*f + l. Is 2 a factor of f?
True
Let b be (151 - 1)*((-35)/(-25) + -1). Suppose -k = 4*r - b, 4*k - 2*r - 306 + 30 = 0. Does 17 divide k?
True
Let s = -2365 + 2628. Is 8 a factor of s?
False
Suppose -2943 = -8*r - 327. Does 18 divide r?
False
Suppose -3*h + 3015 + 5301 = 0. Is 22 a factor of h?
True
Suppose 0 = -2*b - 4*z + 3067 + 2417, -10978 = -4*b + 2*z. Is b a multiple of 83?
False
Suppose 5*l - 36 = -x, 3*x - x + 26 = 4*l. Let u be (0 - 6)*l/(-14). Suppose u*f = p - 48, -p = -0*f - f - 56. Is p a multiple of 15?
True
Let w = 76 - 42. Suppose -5*u = 3*c - 73, 0 = -c - 4*u + 2 + w. Let k = -7 + c. Does 3 divide k?
True
Let s(g) = 38*g**2 - 40*g**2 - 6*g + g**3 + 12 + 3*g**3. Is s(2) a multiple of 5?
False
Suppose -21 = -3*p - z, -3*p = -8*p - 2*z + 36. Suppose 8*i = p*i + 164. Is 16 a factor of i?
False
Suppose 40 = 6*x - 2*x. Let j = -14 + x. Is 5 + (1 - (j + 3)) a multiple of 2?
False
Let o(z) = z - 6. Let p be o(9). Suppose p*h + 62 = 173. Is h a multiple of 29?
False
Let c(z) = z**3 + 6*z**2 - 3*z + 3. Let n be c(-3). Suppose 0 = y - 1, -h - y - 249 = -6*h. Let s = h - n. Is 4 a factor of s?
False
Suppose 281*d = 280*d + 5*i + 3695, -4*d - 4*i = -14756. Is d a multiple of 11?
False
Let g = -6 + 10. Suppose 115 = g*x + 39. Does 4 divide x?
False
Suppose -2 + 18 = i. Let d = i + 8. Does 9 divide d?
False
Let s be 8/4*-1*-2. Suppose -n + s*g = -28, 3*n + 5*g = -n + 70. Suppose -288 = n*p - 23*p. Is p a multiple of 31?
False
Let o = -129 + 219. Let i = 245 - o. Is 15 a factor of i?
False
Suppose 5*m - 4*c = 2*m - 14, 